?
39
Calculate the remainder when 161 is divided by 9.
8
What is the remainder when 356 is divided by 231?
125
What is the remainder when 94 is divided by 74?
20
What is the remainder when 96 is divided by 4?
0
Calculate the remainder when 188 is divided by 27.
26
Calculate the remainder when 1080 is divided by 57.
54
Calculate the remainder when 9038 is divided by 44.
18
What is the remainder when 308 is divided by 154?
0
Calculate the remainder when 1761 is divided by 43.
41
Calculate the remainder when 140 is divided by 29.
24
What is the remainder when 144 is divided by 9?
0
Calculate the remainder when 67 is divided by 10.
7
What is the remainder when 1820 is divided by 16?
12
What is the remainder when 754 is divided by 188?
2
Calculate the remainder when 122 is divided by 117.
5
What is the remainder when 264 is divided by 91?
82
What is the remainder when 89 is divided by 32?
25
Calculate the remainder when 1261 is divided by 625.
11
Calculate the remainder when 159 is divided by 33.
27
Calculate the remainder when 934 is divided by 30.
4
What is the remainder when 1235 is divided by 18?
11
What is the remainder when 131 is divided by 45?
41
What is the remainder when 217 is divided by 13?
9
What is the remainder when 350 is divided by 34?
10
What is the remainder when 160 is divided by 6?
4
What is the remainder when 226 is divided by 46?
42
Calculate the remainder when 124 is divided by 65.
59
Calculate the remainder when 193 is divided by 13.
11
Calculate the remainder when 148 is divided by 18.
4
Calculate the remainder when 67 is divided by 12.
7
What is the remainder when 519 is divided by 85?
9
What is the remainder when 476 is divided by 235?
6
What is the remainder when 2307 is divided by 165?
162
Calculate the remainder when 48 is divided by 45.
3
What is the remainder when 88 is divided by 18?
16
What is the remainder when 42 is divided by 7?
0
Calculate the remainder when 252 is divided by 86.
80
What is the remainder when 584 is divided by 64?
8
What is the remainder when 257 is divided by 37?
35
Calculate the remainder when 156 is divided by 16.
12
Calculate the remainder when 119 is divided by 8.
7
What is the remainder when 238 is divided by 57?
10
Calculate the remainder when 565 is divided by 194.
177
Calculate the remainder when 1047 is divided by 164.
63
Calculate the remainder when 2406 is divided by 11.
8
Calculate the remainder when 1064 is divided by 314.
122
What is the remainder when 3284 is divided by 19?
16
Calculate the remainder when 700 is divided by 142.
132
What is the remainder when 149 is divided by 40?
29
What is the remainder when 223 is divided by 62?
37
What is the remainder when 141 is divided by 12?
9
Calculate the remainder when 223 is divided by 76.
71
Calculate the remainder when 559 is divided by 40.
39
What is the remainder when 644 is divided by 312?
20
Calculate the remainder when 58 is divided by 6.
4
What is the remainder when 7170 is divided by 17?
13
What is the remainder when 2632 is divided by 23?
10
What is the remainder when 1581 is divided by 40?
21
Calculate the remainder when 1609 is divided by 333.
277
What is the remainder when 51 is divided by 1?
0
Calculate the remainder when 1007 is divided by 85.
72
What is the remainder when 78 is divided by 57?
21
Calculate the remainder when 2707 is divided by 170.
157
Calculate the remainder when 139 is divided by 49.
41
What is the remainder when 683 is divided by 36?
35
Calculate the remainder when 20349 is divided by 55.
54
Calculate the remainder when 8792 is divided by 2927.
11
Calculate the remainder when 1029 is divided by 347.
335
Calculate the remainder when 177 is divided by 20.
17
What is the remainder when 15144 is divided by 13?
12
Calculate the remainder when 645 is divided by 215.
0
Calculate the remainder when 12 is divided by 11.
1
What is the remainder when 2120 is divided by 132?
8
Calculate the remainder when 225 is divided by 147.
78
What is the remainder when 62 is divided by 34?
28
Calculate the remainder when 343 is divided by 135.
73
What is the remainder when 2188 is divided by 1087?
14
Calculate the remainder when 627 is divided by 158.
153
What is the remainder when 58 is divided by 25?
8
What is the remainder when 593 is divided by 50?
43
Calculate the remainder when 180 is divided by 51.
27
What is the remainder when 4119 is divided by 45?
24
Calculate the remainder when 2365 is divided by 296.
293
Calculate the remainder when 369 is divided by 74.
73
Calculate the remainder when 38 is divided by 9.
2
What is the remainder when 2637 is divided by 875?
12
Calculate the remainder when 362 is divided by 35.
12
What is the remainder when 209 is divided by 37?
24
What is the remainder when 88 is divided by 43?
2
Calculate the remainder when 252 is divided by 251.
1
What is the remainder when 4965 is divided by 207?
204
What is the remainder when 67 is divided by 25?
17
Calculate the remainder when 185 is divided by 32.
25
What is the remainder when 151 is divided by 64?
23
Calculate the remainder when 122 is divided by 33.
23
What is the remainder when 1465 is divided by 487?
4
Calculate the remainder when 9201 is divided by 2297.
13
What is the remainder when 93 is divided by 13?
2
What is the remainder when 659 is divided by 160?
19
Calculate the remainder when 441 is divided by 183.
75
What is the remainder when 1041 is divided by 12?
9
Calculate the remainder when 121 is divided by 23.
6
What is the remainder when 468 is divided by 94?
92
What is the remainder when 145 is divided by 57?
31
What is the remainder when 150 is divided by 14?
10
What is the remainder when 82 is divided by 18?
10
What is the remainder when 2593 is divided by 59?
56
Calculate the remainder when 80 is divided by 37.
6
Calculate the remainder when 1112 is divided by 31.
27
What is the remainder when 8357 is divided by 79?
62
Calculate the remainder when 105 is divided by 4.
1
What is the remainder when 194 is divided by 14?
12
Calculate the remainder when 2143 is divided by 43.
36
What is the remainder when 895 is divided by 71?
43
What is the remainder when 1698 is divided by 566?
0
Calculate the remainder when 5382 is divided by 225.
207
Calculate the remainder when 1825 is divided by 887.
51
What is the remainder when 29045 is divided by 47?
46
Calculate the remainder when 422 is divided by 76.
42
What is the remainder when 149 is divided by 51?
47
Calculate the remainder when 357 is divided by 30.
27
Calculate the remainder when 83 is divided by 44.
39
Calculate the remainder when 358 is divided by 8.
6
Calculate the remainder when 778 is divided by 52.
50
Calculate the remainder when 1696 is divided by 841.
14
Calculate the remainder when 2061 is divided by 513.
9
What is the remainder when 275 is divided by 7?
2
Calculate the remainder when 247 is divided by 65.
52
What is the remainder when 2143 is divided by 1068?
7
Calculate the remainder when 557 is divided by 7.
4
Calculate the remainder when 2602 is divided by 287.
19
Calculate the remainder when 1372 is divided by 682.
8
Calculate the remainder when 112 is divided by 13.
8
What is the remainder when 3453 is divided by 18?
15
Calculate the remainder when 545 is divided by 34.
1
Calculate the remainder when 6116 is divided by 340.
336
Calculate the remainder when 319 is divided by 62.
9
Calculate the remainder when 13 is divided by 2.
1
Calculate the remainder when 428 is divided by 95.
48
What is the remainder when 372 is divided by 47?
43
What is the remainder when 417 is divided by 41?
7
What is the remainder when 191 is divided by 6?
5
Calculate the remainder when 128 is divided by 16.
0
Calculate the remainder when 318 is divided by 20.
18
Calculate the remainder when 626 is divided by 45.
41
What is the remainder when 1191 is divided by 165?
36
Calculate the remainder when 1184 is divided by 22.
18
What is the remainder when 101 is divided by 46?
9
Calculate the remainder when 2798 is divided by 14.
12
What is the remainder when 1487 is divided by 71?
67
Calculate the remainder when 14968 is divided by 16.
8
Calculate the remainder when 953 is divided by 1.
0
What is the remainder when 332 is divided by 67?
64
Calculate the remainder when 33 is divided by 10.
